 the tens digit of l(6)?
3
Suppose 9*v - 75 = 4*v. Let j be (-141)/v + (-9)/15. What is the units digit of (-2 - j)/((-4)/(-6))?
2
What is the units digit of 16/28*70/4?
0
Let i be (-17)/(-5) - 4/10. Suppose 0 = -i*x + 51 - 15. What is the units digit of 63/x + 3/(-12)?
5
Suppose 5*r = -o - 5, 3*r - 2 = -o + 5*r. Let j be 6/(5 - 3) - o. Suppose -6 = -j*u + 4*s, u - s = -2*u + 6. What is the units digit of u?
2
What is the tens digit of (520/12)/((-4)/(-6))?
6
What is the tens digit of 42/(-14)*(-10)/1?
3
Let o(f) = 6*f**2 + f - 4. Let r = -10 + 12. What is the tens digit of o(r)?
2
Let q(o) be the second derivative of -o**4/12 + 7*o**3/6 - 3*o**2 + 2*o. Let i be q(7). What is the units digit of (-6)/4 - 63/i?
9
Suppose 5*g - 85 = 75. Suppose 0 = 3*m + m - g. What is the units digit of m?
8
Suppose q - 1 = 2. Suppose 12 = q*s - s. What is the units digit of s?
6
Let p(a) = 5*a**2 + 7*a. What is the hundreds digit of p(8)?
3
Suppose 3*x - 2*d - 34 = 0, 21 = 2*x - 3*d - 0. What is the units digit of x?
2
Suppose 3*w + w = 120. Suppose w + 0 = 2*f. What is the units digit of f?
5
Suppose -13*t = -11*t - 14. What is the units digit of t?
7
Let p = 1 + 1. Let v(h) = -3*h**2 + 1 - 2*h**3 + 9 - 8 + 4*h**3. What is the units digit of v(p)?
6
Let m(y) = y**3 - 12*y**2 - 14*y + 20. What is the hundreds digit of m(14)?
2
Let d = 258 + -101. What is the units digit of d?
7
Suppose -146*z + 145*z + 129 = 0. What is the hundreds digit of z?
1
Suppose -3*n - 10 = 8. Let q be 2*(0 + (-10)/4). Let o = q - n. What is the units digit of o?
1
Let y(n) = 7*n**2 + 9*n - 13. What is the units digit of y(3)?
7
Suppose 1496 = 10*s - 924. What is the tens digit of s?
4
Let g(f) = 2*f - 9. Let v = 7 - 18. Let p be g(v). Let x = p - -48. What is the tens digit of x?
1
Let i(c) = 2*c + 7. Let x be i(-5). Let j = -2 - x. What is the units digit of j?
1
Suppose 2*b = -1 - 3. Let t be 11/b + (-2)/(-4). Let s = t + 7. What is the units digit of s?
2
Let b(c) = -c**3 + 3*c**2 + 2*c - 3. Suppose 3*p - 5*k = 24, k = 3*k + 6. What is the units digit of b(p)?
3
Let h be (-2 - -4)*(-11)/2. Let g = 12 + h. Suppose 0*m + g = r + 4*m, r + 2*m = 11. What is the tens digit of r?
2
Suppose 23 = w + 11. Let l = -11 + w. What is the units digit of l?
1
Let p(s) = -4*s**3 - 3*s**2 + 1. Let j be p(-2). Let o = j - -7. What is the tens digit of o?
2
Suppose 2*f - 2 = d - 12, d = -f + 7. Suppose -d*v = -4*v - 56. Suppose -3*p + v + 7 = 0. What is the units digit of p?
7
Let t(d) = 14 + 2*d + 0*d**3 - 7*d + d**3 - 9*d**2 - 26. What is the tens digit of t(10)?
3
Let x(z) be the first derivative of z**3/3 + z**2/2 + 35*z - 9. What is the tens digit of x(0)?
3
Let q be (-3 - (-15)/6)*-6. Let s be -3 + (-3 - 0)/q. What is the units digit of (-3)/s + 69/4?
8
Let u = -3 - -5. Suppose 4*d = v + 13, -u*d + 0*d = -3*v + 1. Suppose v*q - 28 = -3*f - 4, 0 = -3*f - 5*q + 24. What is the units digit of f?
8
Let q(s) = -s**3 + s**2 - s - 1. What is the units digit of q(-1)?
2
Let a be (3 - 17/5)*5. Let n = a - 0. What is the units digit of ((-6)/4)/(n/12)?
9
Suppose 2*h + 25 = 7*h. Suppose h*z + 4 = 14. Suppose -2 - z = -y. What is the units digit of y?
4
Let h = -55 + 102. What is the units digit of h?
7
Let r(x) = x**2 - 9*x + 13. Let a be r(7). Let n(u) = -u**2 - u. Let t be n(0). What is the tens digit of a/(t - 3/33)?
1
Let o(s) = 47*s**2 - 2*s - 2. What is the units digit of o(-1)?
7
Suppose -5*d + 10 + 5 = 0. Suppose 5*k = d + 2. What is the units digit of 2 + (3 - 2) + k?
4
Let m(f) = 11*f + 1. Let a(x) = -5*x - 1. Let v(h) = 9*a(h) + 4*m(h). What is the units digit of v(-6)?
1
Suppose 4*l = -10*t + 5*t - 93, 0 = -5*l - t - 132. What is the units digit of -1 - (l + (-1 - -3))?
4
Suppose 2*q + 15 = -n + 4*q, -2*n = 3*q + 2. Let g(p) = p + 16. What is the units digit of g(n)?
9
Let s(f) = 0*f**2 + 0*f + f**2 - 3 - 3*f. What is the tens digit of s(-6)?
5
What is the units digit of ((18 - 6) + -2)*(2 + 12)?
0
What is the units digit of (-3 - 30/(-9)) + (-358)/(-6)?
0
Let y = -64 - -103. Suppose -3*p + 9 = y. Let n = 18 + p. What is the units digit of n?
8
Suppose -4*f + 2*f + 6 = 0. Suppose 4 = 2*o - i - 3*i, 5*o = i + 19. Let h = o - f. What is the units digit of h?
1
Let c = 12 - -32. What is the tens digit of c?
4
Let q(r) = r**2 + 5*r - 5. What is the units digit of q(-7)?
9
Let u = 160 - -22. What is the units digit of u?
2
Let c(l) = 13*l + 39. Let x(z) = -3*z - 10. Let o(j) = -2*c(j) - 9*x(j). What is the units digit of o(-5)?
7
Let v be 0 + (0 + -1 - 0). Let j be (-2)/v - (2 - 2). Suppose z + 0*z = -j*i - 4, z - 5 = i. What is the units digit of z?
2
Let n(l) = l**2 - 16*l - 17. What is the units digit of n(21)?
8
Let t = 189 - -68. What is the tens digit of t?
5
Suppose -2*w + 20 = 2*w. Suppose -2*c = w*k - 10*k + 6, -c = -2. What is the tens digit of k - -9 - (-1)/(-1)?
1
Let l(g) = -g**2 - 6. Let z be l(5). Let b = z - -47. What is the units digit of b?
6
Let s(y) = y**2 - 3*y - 4. Let g be s(3). Let f be g/(-2) + -2 - -1. Suppose 0 = 5*c + 4*u - f - 8, u = -2*c + 6. What is the units digit of c?
5
Let k(w) = -w**3 + 9*w**2 - 8*w - 7. Let n be k(8). Let m(t) be the third derivative of -t**5/60 - 3*t**4/8 - 5*t**3/6 + t**2. What is the units digit of m(n)?
9
Suppose -7*g + 12*g - 55 = 0. Let m = 21 - g. What is the tens digit of m?
1
What is the hundreds digit of 1*-3 + 266 + 4?
2
Let h = -5 - -11. Let k = -12 - -3. What is the units digit of 2/h + (-33)/k?
4
Suppose 0 = -4*g + 2*g + 244. What is the hundreds digit of g?
1
Let h = 7 - 4. Suppose -h*i + i = 0. Suppose r = -i*r + 7. What is the units digit of r?
7
What is the units digit of 1520/15 + (-2)/(-3)?
2
Let u(k) = 11*k**2 - 3*k + 3. What is the units digit of u(2)?
1
Let p(t) = -t**3 - 4*t**2 - 2. What is the units digit of p(-5)?
3
Let v(c) = 0 - 18*c - c**2 + 4 + 1 - 6. What is the units digit of v(-16)?
1
What is the units digit of (-12)/10*15/(-3)?
6
Let r(n) = -105*n**3 + 2*n**2 + 3*n. What is the units digit of r(-1)?
4
Suppose 5*q - 2*q - 54 = 0. Let m = 0 + q. What is the units digit of m?
8
Let m be (4/12)/(2/6). What is the units digit of (m + 0)/((-2)/(-12))?
6
Let w = 35 + 44. What is the tens digit of w?
7
Suppose 3*t = -5*k + 546, 2*t = -5*k + 7*t + 570. What is the hundreds digit of k?
1
Let y be -9 + -6*(-3)/6. Let d = y + 7. What is the units digit of d?
1
Let k be 42 - (0/3 + -1). Suppose 0 = -2*j - 11 + k. What is the tens digit of j?
1
Suppose -5*s + 55 - 55 = 0. Suppose 4*q - 35 = 3*w, -3*w + 15 = 5*q - w. Suppose s = q*b - 16 - 14. What is the units digit of b?
6
Let y(r) = -r**2 - 5*r + 3. Let p be y(-5). Suppose 22 = -q + p*q. What is the tens digit of q?
1
Let b(w) = w**2 - w + 4. Let l be ((-3)/2)/(3/(-6)). What is the tens digit of b(l)?
1
What is the units digit of 3/(-6) - 0 - (-354)/4?
8
Let i be (9 + -9)*(-1 + 0). Let u(p) = p + 4. What is the units digit of u(i)?
4
Suppose 2*p = p. Suppose -12 = -p*s - 3*s. Suppose -s*z - q = -5*z + 18, -z + 3*q = -20. What is the units digit of z?
7
Let n(x) = -7*x - 3. Let t be n(-2). Suppose -13 = -3*d + t. What is the units digit of d?
8
Let b(r) = r**2 + 2*r + 5. What is the tens digit of b(-9)?
6
Let n be -6 + 3 + 5 + -2. Suppose n = h + 6 - 24. What is the tens digit of h?
1
Suppose -9*w - 1215 = -14*w. Suppose w = 4*v + 3. What is the units digit of v?
0
Let q(u) = -u + 1. Let t(d) = -1. Let y(a) = -q(a) - t(a). Let l be y(2). Suppose -2*x - l*x = -20. What is the units digit of x?
5
Let w be -2 + 8/2 - 9. Let j = 5 - w. What is the units digit of j?
2
Suppose 3*y + 0 - 4 = -2*w, 2*w = -8. Suppose -3 - 9 = -y*a. Suppose 4*n + 8 = 3*s - a, 3*s + 3*n - 39 = 0. What is the units digit of s?
9
Suppose -2*i + 822 = -4*x + x, 4*i - 5*x - 1642 = 0. What is the tens digit of i?
0
What is the tens digit of (12*(-8)/(-72))/((-4)/(-294))?
9
Let m(g) = -g**3 - 7*g**2 + 6. Let x be m(-7). Suppose -32 = r + 4*r - 4*v, 5*r + 11 = -3*v. Let u = x + r. What is the units digit of u?
2
Let q(m) = -1 - 3*m + 0 - 2. Let l be q(-3). Suppose -l*t + 10 = -4*t. What is the units digit of t?
5
Let t(m) = -m - 2. Let h be t(-8). Let u(l) be the second derivative of -l**5/20 + 5*l**4/12 + 7*l**3/6 + l**2/2 + l. What is the units digit of u(h)?
7
Let x be 9*(-3 - (-3 - -1)). What is the t